7
Let a = 1798 - 288. Suppose -52*x + a = -47*x. List the prime factors of x.
2, 151
Suppose 7*q = -45 + 171. Let i(o) = -2*o - 16 + 6*o + q - 13*o**3. List the prime factors of i(-2).
2, 7
Suppose 0 = 2*g - 3*x, -2*x + 4 = -3*g - 1. Let w = 22 + g. Suppose -27 = -l + w. What are the prime factors of l?
2, 23
Suppose -184128 = 771*u - 787*u. What are the prime factors of u?
2, 3, 7, 137
Let k = 76 + -71. Let w be (-4 - (-25)/k)/(1/1). Let h(r) = 82*r**2 + 2*r - 1. List the prime factors of h(w).
83
Suppose 0 = -2*t, 4*w - t + 5264 = 5*w. What are the prime factors of (-15)/10*w/(-12)?
2, 7, 47
Let r(b) = 9619*b**3 + 4*b**2 - 2*b + 3. What are the prime factors of r(1)?
2, 3, 401
Let t(k) = -930*k**3 + 9*k**2 + 16*k - 3. What are the prime factors of t(-3)?
2, 3, 5, 419
Let a = 45 - 43. Let i(z) = -870*z**2 + 869*z**a + 2 - 17*z + 2. List the prime factors of i(-12).
2
Suppose -5*x + 26863 = -4*v, 166*v = 169*v - 24. List the prime factors of x.
3, 11, 163
Let d(k) = -3*k - 7. Let v be d(-4). Suppose 53 = -x - 5*b, 0 = -x + v*x + 2*b + 122. What are the prime factors of x/(-21)*(89 + 1)?
2, 3, 5
Suppose 42*g = 333991 - 48391. List the prime factors of g.
2, 5, 17
List the prime factors of 48/54*-9 - -9497*1.
3, 3163
Let g = 2335 + 12586. List the prime factors of g.
43, 347
Let d = -103 - -425. Let b = d + 683. List the prime factors of b.
3, 5, 67
Let f(c) be the third derivative of 5*c**4/8 + 115*c**3/3 - 3*c**2 - 20. List the prime factors of f(0).
2, 5, 23
Let n be (-7)/(56/76)*-2. Suppose -n*s + 5559 = -2*s. List the prime factors of s.
3, 109
Suppose -o + 140 = 3*o. Suppose -o*z + 13230 = -26*z. List the prime factors of z.
2, 3, 5, 7
Let x be (0/6)/(-2 + 1 + 2). Suppose -78*j + 54*j + 15072 = x. What are the prime factors of j?
2, 157
Suppose -5*u - 20 = -5*w, 5*w + 2*u - 10 = w. Suppose -n + 8*n + 497 = 0. Let k = w - n. What are the prime factors of k?
2, 37
Suppose 0 = 15*g + 1365 - 3087 - 2538. Let r = -463 + 322. Let z = r + g. List the prime factors of z.
11, 13
Suppose -t - 31 = -346. Let j be (-5 - -4 - -1) + 5. Suppose -j*x - t = -10*x. What are the prime factors of x?
3, 7
Let x(f) = -46*f**3 - 88*f**2 + 10*f - 35. List the prime factors of x(-11).
3, 16811
Let t(a) = 20*a - 158. Let d be t(8). What are the prime factors of 1/d*-10 - (-1048 + 14)?
3, 7
Suppose -3 = -2*d - 3*m, 0*d - 16 = -4*d + 4*m. Suppose 0 = x - n - 2 - 5, 5*x + 3*n - d = 0. List the prime factors of 5 + x + -5 - -97.
2, 5
Let d = 109 + 46. Let z = d + 241. What are the prime factors of z?
2, 3, 11
Let r = 81 + -249. Let h = 307 - r. List the prime factors of h.
5, 19
Let k be 7 + 3 + (-2 - 2). List the prime factors of 11/(-33) - (-3020)/k.
503
Let h be (-33)/(-12) - (-3 + 0)/12. Suppose -h*g - 217 = 125. List the prime factors of 6/3 - (2 + g).
2, 3, 19
Let v = -14794 - -23025. What are the prime factors of v?
8231
Let i(v) = -32*v - 23. Let g be i(-1). Let t(o) = 8*o**2 + 17*o - 15. List the prime factors of t(g).
2, 3, 131
Let k(y) = 281*y**2 - 56*y + 298. What are the prime factors of k(6)?
2, 5039
Suppose 0 = -3*c - 18, -3*t + 384*c - 379*c + 18558 = 0. What are the prime factors of t?
2, 193
Suppose m + 712*b - 4379 = 714*b, 13121 = 3*m - 2*b. What are the prime factors of m?
3, 31, 47
Let g be (2*2)/(9*(-1)/(-18)). Suppose 4458 - 394 = g*w. List the prime factors of w.
2, 127
Suppose 3*m + 3*v - 44109 = 8844, 2*m = 4*v + 35284. List the prime factors of m.
2, 1103
Let w be 0/(4/(6/(-3))). Suppose 2*z - 53 = -5*p + 263, 0 = -2*z - p + 300. Suppose 0*h - h + z = w. What are the prime factors of h?
2, 37
Let q = 18027 - 10799. What are the prime factors of q?
2, 13, 139
Let j = -66 + 70. Suppose -4*h - 24 = -2*m, h + 4 = j*m + 4*h. Suppose -z + m*z = 360. What are the prime factors of z?
2, 3, 5
Suppose -233*a = -236*a + 4800. Suppose 5*q - 135 = a. List the prime factors of q.
347
Suppose -35*i + 30*i + 15 = 0. Suppose -2*z = 4*p - 16, -4*p + 53 = 4*z - i*p. List the prime factors of z.
2, 7
List the prime factors of ((6 - -1) + -7)/(-2) - (-5706 + 0).
2, 3, 317
Let z be (-1782)/(-63) - 2/7. Suppose -8*c + 4*c + z = 0. List the prime factors of (-36)/(-3) + (c - 9).
2, 5
Suppose -19 = -y + 5*s, -13 = -3*y + 3*s + s. Let v be (0 - y)*5*(-112)/70. List the prime factors of (-1256)/(-12) - (-3 + v/(-3)).
3, 5, 7
Let x(i) = i**3 + 4*i**2 - 6*i + 6. Let c be x(-5). Suppose 0 = c*m - 107 - 1081. What are the prime factors of m?
2, 3
Suppose -3*t = -2*c + 2, -c = -2*t + 6*t - 12. Suppose 0 = -5*m + 10, -t*l + 5*m + 1385 = l. List the prime factors of l.
3, 5, 31
Let j(n) = -40*n**2 - 9*n + 48. Let d(c) = 40*c**2 + 8*c - 45. Let g(m) = -6*d(m) - 7*j(m). What are the prime factors of g(5)?
1009
Suppose 48954 = 14*q - 147732. What are the prime factors of q?
3, 7, 223
Let d = -114 - -119. Suppose 0 = -2*f + 6, -3*o - 27 = -2*o - d*f. List the prime factors of (o/8)/((-1)/16).
2, 3
Let l(k) = 19 + 10*k**2 - 5*k - k**3 - 5*k**2 + 7*k**2. List the prime factors of l(8).
5, 47
Let a(u) = 3051*u**2 - 47*u + 39. What are the prime factors of a(1)?
17, 179
Suppose -4*c - 5 = -261. Suppose -212 + c = -2*g. Suppose k - g = 13. What are the prime factors of k?
3, 29
Let f(a) = 5*a - 113. Let p be f(28). Suppose -p*y - 264 = -10902. List the prime factors of y.
2, 197
Suppose -9 = -6*u + 9. Let f(q) = q**3 + 2*q**2 + 7*q. List the prime factors of f(u).
2, 3, 11
Let r(y) = -y**2 + 11*y - 2. Let c be r(5). Let f = -20 + c. Suppose -f*g = -31 - 281. List the prime factors of g.
3, 13
Let n(j) be the third derivative of j**6/120 - j**5/5 - 5*j**4/8 - 5*j**3/6 - j**2 - 10. What are the prime factors of n(14)?
3, 59
Let f(s) = -s**3 - 14*s**2 - 9*s + 7. Let j(q) = 3*q**3 + 42*q**2 + 26*q - 23. Let g(k) = -17*f(k) - 6*j(k). List the prime factors of g(-16).
3, 193
Let n = -1603 + 8293. What are the prime factors of n?
2, 3, 5, 223
Let t be ((-2)/15*5)/(1/(-60)). Let r(o) = -o**3 + 5*o**2 - 4*o - 6. Let j be r(3). Suppose j = -a + 188 + t. What are the prime factors of a?
2, 3, 19
Suppose -5*n + t + 522 - 10 = 0, 0 = -t + 3. Let o = n + -96. What are the prime factors of o?
7
Suppose -90 = -6*l - 4*l. Let f(x) = -l + 9*x - 11 - 1 + 0. List the prime factors of f(14).
3, 5, 7
Let f = 165 + -163. Let u(m) = 42*m**2 - 11*m + 5. What are the prime factors of u(f)?
151
Let z(n) = 62*n - 194. Let q be z(20). Suppose -q = 14*s - 16488. List the prime factors of s.
1103
What are the prime factors of 385548/(-1424)*1048/(-6)?
19, 131
Let v(y) = y**2 + 15*y - 12. Let x be v(-10). Let u = 66 + x. Suppose 0 = -u*d + 2*d + 114. List the prime factors of d.
3, 19
Let u be (-5 + 3 - (0 + 0)) + 52. Let t(q) = q**3 - 5*q**2 - 2*q + 4. Let n be t(3). Let v = u + n. What are the prime factors of v?
2, 3, 5
Suppose 3*n = 4*v, 0 = -4*v - n + 6*n. Suppose 2*y + v - 176 = 0. List the prime factors of y.
2, 11
Suppose -5*x - 75*z + 3610 = -77*z, -4*x - 2*z + 2888 = 0. What are the prime factors of x?
2, 19
Let i be (-682)/(-165) + (-4)/30. Suppose -i*k - 14 = -j, 2*k + 42 = -0*j + 3*j. What are the prime factors of (21/j)/((-3)/(-208))?
2, 13
Suppose -40409 + 4149 = -7*h. What are the prime factors of h?
2, 5, 7, 37
Let h = 4103 + -2557. Suppose 4*s = h + 1782. Suppose -4*d - 3*n + 860 = 0, 6*d - 2*d - 4*n = s. List the prime factors of d.
2, 53
Let u = 27248 + -17815. List the prime factors of u.
9433
Suppose 10755 = -17*h + 2*h. Let k = h + 399. List the prime factors of (-4 + k/(-9))*6.
2, 47
Let w(p) be the third derivative of p**4/12 + p**3/6 - 4*p**2. Let o be w(1). Suppose -3 = -k - m, 0 = -o*k + 6*m - m + 33. List the prime factors of k.
2, 3
Suppose -6*s - i = -3*s, -5*s + 1 = 2*i. Let m(r) = 804*r**2 - 3*r - 5. What are the prime factors of m(s)?
2, 401
Let c(h) = h**3 + 29*h**2 - 206*h + 8. What are the prime factors of c(-23)?
2, 3, 5, 11
Let y = 646 - 644. Suppose -5*m + 4961 = -4*c, c + 994 = m + y*c. List the prime factors of m.
3, 331
Let k(w) be the third derivative of -1/60*w**6 - 7/60*w**5 + 6*w**2 + 1/6*w**4 - 7/6*w**3 + 0*w + 0. List the prime factors of k(-6).
149
Let k = 30 + -23. Let r(d) = 2*d**2 + 8*d + 9. Let y be r(-4). Let h = k + y. List the prime factors of h.
2
Suppose 343215 = -170*p + 1178833 + 213282. What are the prime factors of p?
2, 5, 617
Let w = 76 + -72. Su